test common divisor of 20 and 25660.
20
What is the highest common factor of 5 and 115?
5
Calculate the greatest common factor of 6913 and 2899.
223
Calculate the greatest common factor of 92 and 437.
23
What is the greatest common factor of 160 and 4120?
40
What is the greatest common divisor of 1776 and 96?
48
What is the highest common factor of 56 and 7?
7
What is the greatest common factor of 12 and 894?
6
What is the greatest common divisor of 132 and 3564?
132
What is the highest common divisor of 143 and 54197?
143
What is the greatest common divisor of 546 and 84?
42
Calculate the greatest common factor of 168 and 994.
14
Calculate the greatest common divisor of 52 and 6292.
52
Calculate the highest common factor of 2101 and 1337.
191
What is the highest common divisor of 111 and 6?
3
Calculate the highest common factor of 495 and 2880.
45
What is the highest common factor of 35 and 245?
35
Calculate the highest common factor of 325 and 25.
25
What is the highest common factor of 117 and 312?
39
What is the greatest common divisor of 51 and 85?
17
Calculate the greatest common factor of 22 and 462.
22
What is the highest common factor of 367 and 4?
1
Calculate the highest common factor of 2908 and 20.
4
Calculate the greatest common factor of 1539 and 19.
19
Calculate the greatest common factor of 477 and 4611.
159
What is the greatest common divisor of 83 and 6889?
83
Calculate the greatest common factor of 400 and 75.
25
Calculate the greatest common factor of 873 and 9.
9
What is the highest common factor of 135 and 216?
27
What is the greatest common factor of 36 and 495?
9
Calculate the greatest common factor of 105 and 231.
21
Calculate the highest common factor of 3820 and 20.
20
What is the highest common divisor of 591 and 13199?
197
Calculate the highest common factor of 30 and 4245.
15
Calculate the greatest common factor of 42 and 98.
14
What is the highest common divisor of 140 and 180?
20
What is the highest common divisor of 52 and 325?
13
Calculate the greatest common divisor of 8 and 1140.
4
Calculate the highest common factor of 400 and 16.
16
What is the greatest common divisor of 157 and 628?
157
Calculate the highest common divisor of 17 and 221.
17
What is the highest common factor of 9815 and 26?
13
What is the highest common factor of 170 and 3830?
10
Calculate the highest common divisor of 418 and 38.
38
What is the greatest common factor of 1340 and 100?
20
What is the highest common divisor of 608 and 32?
32
What is the highest common divisor of 285 and 45?
15
What is the highest common divisor of 40 and 260?
20
Calculate the greatest common divisor of 16 and 10784.
16
What is the highest common divisor of 420 and 1596?
84
What is the greatest common divisor of 20 and 260?
20
Calculate the greatest common factor of 60 and 4780.
20
What is the highest common factor of 15416 and 287?
41
Calculate the highest common factor of 190 and 30.
10
Calculate the greatest common factor of 236 and 20.
4
Calculate the greatest common divisor of 990 and 360.
90
What is the greatest common factor of 925 and 37?
37
What is the highest common factor of 272 and 34?
34
What is the greatest common factor of 304 and 2752?
16
Calculate the greatest common divisor of 1136 and 144.
16
What is the greatest common divisor of 1457 and 124?
31
Calculate the greatest common factor of 18 and 198.
18
Calculate the highest common divisor of 20 and 2060.
20
What is the greatest common divisor of 481 and 111?
37
What is the greatest common factor of 14896 and 49?
49
Calculate the highest common divisor of 16 and 15928.
8
What is the greatest common factor of 11575 and 25?
25
Calculate the highest common divisor of 1536 and 336.
48
Calculate the greatest common divisor of 833 and 196.
49
Calculate the highest common factor of 1846 and 3479.
71
What is the greatest common divisor of 4 and 106?
2
Calculate the greatest common divisor of 4 and 67.
1
Calculate the greatest common factor of 100 and 4775.
25
What is the greatest common factor of 3097 and 38?
19
Calculate the highest common divisor of 2979 and 6.
3
What is the highest common factor of 47 and 1081?
47
What is the highest common divisor of 825 and 264?
33
Calculate the highest common factor of 21 and 1190.
7
What is the highest common divisor of 234 and 130?
26
What is the greatest common divisor of 245 and 34055?
245
Calculate the highest common divisor of 54 and 2214.
54
Calculate the highest common factor of 348 and 174.
174
Calculate the highest common factor of 345 and 75.
15
Calculate the greatest common factor of 174 and 26.
2
What is the greatest common divisor of 35 and 245?
35
Calculate the highest common factor of 3783 and 39.
39
What is the greatest common divisor of 56 and 24542?
14
Calculate the highest common factor of 348 and 87.
87
What is the highest common divisor of 21 and 14?
7
What is the greatest common divisor of 1853 and 109?
109
Calculate the highest common divisor of 175 and 3815.
35
What is the highest common divisor of 130 and 104?
26
Calculate the highest common factor of 3564 and 44.
44
What is the greatest common factor of 23 and 22?
1
What is the highest common divisor of 50 and 9170?
10
What is the highest common divisor of 551 and 319?
29
What is the greatest common factor of 1131 and 975?
39
Calculate the highest common divisor of 78 and 260.
26
Calculate the highest common divisor of 2618 and 1190.
238
Calculate the greatest common divisor of 2990 and 650.
130
What is the greatest common divisor of 230 and 2875?
115
What is the highest common factor of 23 and 667?
23
Calculate the highest common factor of 182 and 56.
14
What is the highest common factor of 120 and 48?
24
Calculate the highest common factor of 43 and 1849.
43
What is the highest common divisor of 704 and 1276?
44
What is the highest common factor of 354 and 1298?
118
Calculate the highest common factor of 650 and 100.
50
Calculate the highest common factor of 272 and 204.
68
Calculate the greatest common factor of 190 and 532.
38
What is the highest common factor of 1554 and 42?
42
What is the greatest common divisor of 33 and 2497?
11
Calculate the highest common factor of 297 and 3366.
99
What is the greatest common divisor of 32 and 656?
16
What is the greatest common divisor of 33 and 11?
11
Calculate the greatest common divisor of 1280 and 720.
80
What is the highest common factor of 247 and 104?
13
What is the highest common divisor of 2305 and 5?
5
Calculate the highest common factor of 216 and 45.
9
What is the greatest common divisor of 95 and 19?
19
What is the highest common factor of 2 and 82?
2
Calculate the highest common divisor of 1944 and 126.
18
Calculate the highest common factor of 53023 and 17.
17
What is the highest common divisor of 12 and 1812?
12
What is the greatest common divisor of 20 and 63740?
20
What is the greatest common factor of 19693 and 47?
47
Calculate the greatest common divisor of 176 and 539.
11
What is the highest common divisor of 1188 and 60?
12
Calculate the greatest common divisor of 1057 and 35.
7
Calculate the highest common divisor of 459 and 51.
51
Calculate the highest common divisor of 91 and 133.
7
Calculate the highest common divisor of 2619 and 108.
27
Calculate the greatest common divisor of 90 and 8010.
90
What is the highest common factor of 4 and 31?
1
Calculate the highest common factor of 1649 and 17.
17
What is the highest common factor of 97 and 6887?
97
Calculate the highest common factor of 712 and 89.
89
Calculate the greatest common factor of 972 and 216.
108
Calculate the highest common factor of 144 and 5067.
9
What is the greatest common divisor of 79 and 1?
1
What is the highest common divisor of 7 and 224?
7
Calculate the highest common divisor of 10 and 31670.
10
What is the greatest common divisor of 10 and 1110?
10
What is the greatest common divisor of 8 and 3000?
8
What is the greatest common factor of 50 and 650?
50
Calculate the highest common factor of 403 and 124.
31
Calculate the greatest common factor of 2466 and 9.
9
What is the highest common divisor of 864 and 27?
27
What is the highest common divisor of 1190 and 578?
34
What is the greatest common factor of 1666 and 782?
34
What is the highest